v = v + n*b - x. What are the prime factors of v?
71
Suppose -4*m - l + 2 = 0, m - 4*l = 5*m - 8. List the prime factors of (486/216)/(m + 1/8).
2, 3
List the prime factors of (-350040)/(-21) - (2 - 136/56).
79, 211
Let b = -1371 - -1323. Let u be 202/(-4) + (-1)/2. Let c = b - u. What are the prime factors of c?
3
Let s(w) = 2*w**3 - 13*w**2 - 53*w + 309. What are the prime factors of s(22)?
7, 43, 47
Let b(j) = j**2 + 2*j + 1. Let q be (-3)/(-12) + 13/(-4). Let d be b(q). What are the prime factors of (-129 + -4 + d)/(3/(-2))?
2, 43
Let l(u) = u**3 + 4*u**2 - 2*u + 6. Let r be (-8 + 9)/(-2 + 1). Let j be -2*((-12)/48)/(r/8). List the prime factors of l(j).
2, 7
Let l(k) = -k**3 + 8*k**2 + 9*k + 4. Let r be l(9). Suppose -r*u = 5 - 17. Suppose -u*a = -3*y + 5*y - 113, a + 5*y - 16 = 0. List the prime factors of a.
41
Let z(r) = -6*r - 3. Let p(y) = y**2 + 6*y - 11. Let l be p(-11). Let d = -53 + l. List the prime factors of z(d).
3, 17
Let k be ((-49)/3 + 5)/(10/15). Let p(y) = -28*y + 135. List the prime factors of p(k).
13, 47
Suppose -w - 3*w = p - 16, -2*w = -2*p + 2. Suppose 0 = -m - 5, 0*m - 4935 = -4*r + w*m. What are the prime factors of r?
2, 3, 5, 41
Suppose 3*n + 3 = 4*n. Suppose n*p = 2*o - 37, -2*o + p = -3*o + 31. Suppose o = -4*j + 6*j. List the prime factors of j.
13
Suppose 0 = -3*v - 4*v + 4*v. Let l be ((-1)/(-2) + v)*78. Suppose -c = l - 169. List the prime factors of c.
2, 5, 13
Let q(x) = 3*x**2 + 6*x + 2. Suppose 0 = -4*k - 3*j + 15, 4*k + 4*j - 18 = 2. Suppose k = -9*u - 0*u - 54. List the prime factors of q(u).
2, 37
Let v be 0 + -4 + 7 - -618. Suppose 0 = -4*g + y + v, -2*y = 2*g + 2*y - 324. Let k = g + -82. What are the prime factors of k?
2, 37
Let k(b) = 54*b**2 - 52*b - 489. What are the prime factors of k(-20)?
17, 1303
Suppose -2*q + 8 = -q. Let n(r) = r**3 - 7*r**2 + 4*r - 3. Let u be n(q). Let w = u + -42. List the prime factors of w.
3, 17
Suppose -239792 = -161*y + 154*y. What are the prime factors of y?
2, 2141
What are the prime factors of 18725 - (-8 + 6 + 8 + -4 - -6)?
3, 17, 367
Let w be -6*2/126 - (-24742)/42. Let i = 1321 - w. What are the prime factors of i?
2, 3, 61
Let t = 1492 - 442. Let n = -507 + t. What are the prime factors of n?
3, 181
Let g(a) = -16*a**2 + a. Let b be 0 + (8/12)/((-2)/3). Let h be g(b). What are the prime factors of h/68 + (-154)/(-8)?
19
Suppose -2*y + 624 = 3*o - 466, -5*y - 1850 = -5*o. Let x = o + 143. What are the prime factors of x?
509
Let a(c) = 13*c**2 + 115*c - 280. What are the prime factors of a(-40)?
2, 5, 199
Suppose 4 = -9*a + 8*a, -1276 = -4*l + 3*a. Let n = -153 + l. What are the prime factors of n?
163
Suppose 2*q = -i + 3701, 5*i - 5324 = 3*q + 13168. What are the prime factors of i?
3, 137
Let u(j) = -270*j + 663. List the prime factors of u(-11).
3, 7, 173
Let h = 21866 + 6053. What are the prime factors of h?
27919
Let c(o) = -13*o**2 - 560*o + 16. List the prime factors of c(-14).
2, 1327
Let l(i) = -4651*i - 2902. What are the prime factors of l(-6)?
2, 7, 19, 47
Suppose 54*c = -314 + 1340. What are the prime factors of (-5185)/85*c/2*-2?
19, 61
Let a be (-15)/((-65)/104*4). Let r(x) = 12*x - 1. Let h(y) = 36*y - 4. Let u(s) = 4*h(s) - 11*r(s). What are the prime factors of u(a)?
67
Let x(l) = l**3 - 3*l**2 - l + 1. Let g be (-2)/(-2 + (-4)/(-4)). Let q be x(g). List the prime factors of 4*(16 + q) + (-6)/(-2).
47
Let b = 27107 - 3205. What are the prime factors of b?
2, 17, 19, 37
Suppose -4*t = 5*x - 29053 - 25122, 3*t - 15 = 0. What are the prime factors of x?
10831
Let n(b) = b**3 - 14*b**2 - 31*b + 37. Let r be n(19). Let w = r - 401. What are the prime factors of w?
2, 3, 71
Suppose 49*r = -74*r + 1102449. List the prime factors of r.
8963
Let y(o) = o**2 + 41*o - 22. Suppose 2*a + 4*d = 58 + 6, -108 = -4*a - 4*d. What are the prime factors of y(a)?
2, 11, 31
Let t be 1*-131*4*(-3)/12. Suppose 0 = -7*x + 2119 - t. Let w = x - 95. List the prime factors of w.
3, 7
Let q = 9791 - -6539. What are the prime factors of q?
2, 5, 23, 71
Let n(s) = -s**3 + 11*s**2 - s + 14. Let y be n(11). Suppose -2*w + 18 = 3*v, 3*v - 6 = -y*w + 5*w. List the prime factors of -4 - (-11)/w - 814/(-3).
271
Suppose -4*z = 2*j - 56, -5*z + 65 = 5*j - 10*z. Suppose -j = 6*u + 6. List the prime factors of 0 - u/((-20)/(-635)).
127
Let y(m) be the second derivative of m**5/5 - 5*m**4/12 - m**3/6 - 16*m**2 - 112*m. List the prime factors of y(6).
2, 17, 19
Let k = 3201 - -18655. Suppose 15*v = k - 5461. What are the prime factors of v?
1093
Let h(j) be the first derivative of j**4/2 + 4*j**3/3 - 7*j**2/2 + 8*j + 101. Let c = 19 + -17. List the prime factors of h(c).
2, 13
Let y = -2352 - -14641. What are the prime factors of y?
12289
Suppose -12*k - 1 - 35 = 0. Let l(b) = 57*b**2 - 19*b. List the prime factors of l(k).
2, 3, 5, 19
Suppose 3*r = 12*r + 36. Let g(s) = -s**2 + 4 + 44*s - 23*s - 2 - 26*s. List the prime factors of g(r).
2, 3
Let p(z) = -76*z + 351. What are the prime factors of p(-20)?
1871
Let v be (-3 + 2 - -2) + 3. Let i be (6 - (-1310)/70) + (-2)/(-7). Suppose i = 3*z + v*o, -z = -3*o - o - 19. List the prime factors of z.
11
Let f(c) = -c**3 - 2*c**2 - 20*c + 3. Let o = 45 - 51. Let r be f(o). Suppose 14*s - 17*s = -r. What are the prime factors of s?
89
Suppose 241*h + 25*h = 159600. What are the prime factors of h?
2, 3, 5
Let m be (2 + (-376)/12)/((-6)/315). Let l be m/15*-6*(-15)/12. Suppose 3*b = -2*b + 5*f + 770, 3*f - l = -5*b. List the prime factors of b.
2, 7, 11
What are the prime factors of (25 + (-12350)/(-104))/(1/16)?
2, 5, 23
What are the prime factors of ((-1)/((-55)/(-10)) + (-119)/(-231))*25401?
8467
Let m be (-2)/4*(-40)/(-5). List the prime factors of (-20)/(-4) + m + (-2 - -284).
283
Let m = 56 + -50. Suppose -6 = -m*p + 12. Suppose x - 4*z - 624 = -p*x, -x + 150 = -3*z. What are the prime factors of x?
3, 53
Suppose -45252 - 911766 - 140707 = -95*m. What are the prime factors of m?
5, 2311
Let i(r) = 0*r + 2*r**2 + 4 + r + r + 3*r. Let c be i(-2). Suppose -5*l - 4*x = -9*l + 308, -c*l + 5*x = -169. List the prime factors of l.
2, 3
Suppose -1048*q + 45990 = -1039*q. List the prime factors of q.
2, 5, 7, 73
Suppose 0 = -12*f - 273 + 321. What are the prime factors of 982*f/5 - (-40)/100?
2, 3, 131
Let d = 36 + -60. Let c = -34 - d. List the prime factors of 6/(952/2080 + 4/c).
2, 13
Let b = 1728 + -385. Suppose 0 = -5*t - 5*q + 2400, 3*t - q - 97 = b. List the prime factors of t.
2, 3, 5
Let t = 3639 + -3556. What are the prime factors of t?
83
Let h(o) = -831*o - 4577. What are the prime factors of h(-63)?
2, 1493
Let q be 2*6/(-20) - (-3)/5. Suppose 3*w + 12 - 636 = q. Suppose 0 = 5*m - 20, 4*i + 7*m - 2*m = w. What are the prime factors of i?
47
Let k be (1218/48)/(-7) - (-6)/(-16). Let d(j) = -10*j**3 + 5*j**2 + 6*j + 3. List the prime factors of d(k).
3, 233
What are the prime factors of 338070/45 + 6/18?
11, 683
Let j(i) = -405*i**3 - 3*i**2 - 32*i + 91. List the prime factors of j(-6).
5, 47, 373
List the prime factors of (-303 + 146357)/((-2)/(-1)).
103, 709
Suppose 853 = 4*u + 1. Let b be -10*(3 - u/6). Suppose 6*k - b = k. What are the prime factors of k?
5, 13
Let z(r) = -176*r**2 + 16*r - 8. Let u be z(-4). List the prime factors of (-4)/(-6) - u*18/27.
2, 3, 107
Let g(b) = b**3 - 9*b**2 - 9*b - 11. Let h be g(10). What are the prime factors of 3/h - ((-237 - 1) + 2)?
233
Suppose -u - m + 2 = -6*m, -2*u + m + 4 = 0. Let a(f) = 39*f + 20. What are the prime factors of a(u)?
2, 7
Let a(g) = 123*g - 47. Let n be a(4). What are the prime factors of (1 - (-32)/(-4)) + n?
2, 3, 73
List the prime factors of (-148 - -150)/(1/12070).
2, 5, 17, 71
Let g(j) = 2*j**3 + 15*j**2 - 10*j + 3. Let f be g(-7). Let t = -125 + f. List the prime factors of (-1134)/28*16/t.
2, 3
Let u = 0 - -52. Suppose -k + u = -48. Let g = -53 + k. What are the prime factors of g?
47
Suppose -4*v = 5*z - 8*v - 4, 5*v = -5*z - 5. Suppose z = -10*g + 7*g + 4*d + 722, 4*g + 4*d = 916. List the prime factors of g.
2, 3, 13
Suppose -k = -219 + 20. Let f = 24 + k. What are the prime factors of f?
223
Suppose 33 = 8*t - 15. Suppose n - 287 = -t*n. What are the prime factors of n?
41
Let n(c) = -211*c + 9127. List the prime factors of n(-12).
89, 131
Let o(p) = 1